 3, 5, 274751
List the prime factors of 908412845.
5, 53, 3427973
What are the prime factors of 107493376?
2, 73, 719
What are the prime factors of 671486551?
671486551
What are the prime factors of 60497709?
3, 31, 211, 3083
List the prime factors of 870906678.
2, 3, 331, 438523
What are the prime factors of 5038431?
3, 29, 1997
What are the prime factors of 116008821?
3, 641, 6703
What are the prime factors of 55836793?
41, 1163, 1171
List the prime factors of 2456391332.
2, 239, 1039, 2473
What are the prime factors of 811832235?
3, 5, 29, 1866281
List the prime factors of 26682602.
2, 13341301
What are the prime factors of 408849981?
3, 8929, 15263
List the prime factors of 54388203.
3, 19, 829, 1151
What are the prime factors of 1867863134?
2, 17, 19, 2891429
List the prime factors of 187316877.
3, 11, 19, 179, 1669
What are the prime factors of 107325001?
7, 191, 80273
List the prime factors of 43840316.
2, 13, 41, 20563
List the prime factors of 4997390948.
2, 11, 71, 1599677
List the prime factors of 57874984.
2, 73, 113, 877
What are the prime factors of 159614519?
307, 519917
What are the prime factors of 389768981?
7, 7954469
What are the prime factors of 1796506792?
2, 31, 7243979
List the prime factors of 1004949526.
2, 7, 17, 37, 137
What are the prime factors of 44873227?
7, 2287, 2803
What are the prime factors of 1111541252?
2, 107, 2597059
What are the prime factors of 11913300?
2, 3, 5, 7, 31, 61
What are the prime factors of 4808973189?
3, 41, 131, 163, 1831
List the prime factors of 44433259.
13, 3417943
List the prime factors of 64632544.
2, 2019767
What are the prime factors of 1897820711?
131, 863, 16787
List the prime factors of 153946214.
2, 947, 81281
What are the prime factors of 241764612?
2, 3, 73, 275987
List the prime factors of 12575311.
7, 256639
What are the prime factors of 52201567?
11, 4745597
What are the prime factors of 173386807?
11, 47, 151, 2221
List the prime factors of 3007996694.
2, 17, 88470491
What are the prime factors of 309851644?
2, 271, 285841
What are the prime factors of 149586851?
271, 551981
List the prime factors of 128325955.
5, 1303, 19697
List the prime factors of 584505333.
3, 1409, 46093
What are the prime factors of 87350326?
2, 7, 59, 105751
List the prime factors of 7335764.
2, 457, 4013
List the prime factors of 45417415.
5, 1667, 5449
What are the prime factors of 433183971?
3, 11, 73, 179819
List the prime factors of 64453637.
61, 1056617
What are the prime factors of 93884610?
2, 3, 5, 3129487
List the prime factors of 119575532.
2, 29893883
List the prime factors of 637681557.
3, 9679, 21961
What are the prime factors of 410497697?
29, 14155093
List the prime factors of 28737568.
2, 367, 2447
List the prime factors of 2537350386.
2, 3, 23, 2837, 6481
List the prime factors of 3782914684.
2, 79, 419, 28571
List the prime factors of 26440267.
7, 19, 61, 3259
What are the prime factors of 677528819?
11, 61593529
List the prime factors of 2298155019.
3, 109, 1901, 3697
List the prime factors of 1357715495.
5, 2029, 133831
List the prime factors of 30698250.
2, 3, 5, 11, 61
List the prime factors of 110656197.
3, 23, 534571
List the prime factors of 2366626261.
919, 2575219
What are the prime factors of 150357416?
2, 11, 1708607
What are the prime factors of 488880511?
7, 47, 71, 20929
What are the prime factors of 4988567699?
14783, 337453
What are the prime factors of 487591473?
3, 162530491
What are the prime factors of 1526445249?
3, 7, 17, 37, 115561
List the prime factors of 327731130.
2, 3, 5, 853, 1423
List the prime factors of 1188034940.
2, 5, 59401747
What are the prime factors of 673128093?
3, 11, 89, 229189
List the prime factors of 55958691.
3, 18652897
List the prime factors of 559230720.
2, 3, 5, 145633
List the prime factors of 143261900.
2, 5, 19, 75401
List the prime factors of 214230215.
5, 103, 503, 827
List the prime factors of 1676063153.
23, 72872311
List the prime factors of 125187480.
2, 3, 5, 11, 101, 313
What are the prime factors of 231890482?
2, 115945241
List the prime factors of 40400769.
3, 13466923
List the prime factors of 582383992.
2, 72797999
What are the prime factors of 104522306?
2, 7, 19, 443, 887
What are the prime factors of 2360459441?
883, 2673227
List the prime factors of 80116467.
3, 367, 72767
What are the prime factors of 49700921?
49700921
What are the prime factors of 1112325891?
3, 1109, 334333
List the prime factors of 44363948.
2, 17, 652411
What are the prime factors of 38280330?
2, 3, 5, 11, 12889
List the prime factors of 32196372.
2, 3, 13, 179, 1153
List the prime factors of 58647393.
3, 7, 930911
List the prime factors of 6094871008.
2, 17, 67, 167221
What are the prime factors of 377358109?
109, 337, 10273
List the prime factors of 4271015339.
19, 29, 37, 209497
What are the prime factors of 2399865956?
2, 41, 229, 63901
What are the prime factors of 4591035297?
3, 12743, 40031
What are the prime factors of 407590105?
5, 13, 61, 102797
What are the prime factors of 3351211171?
7, 11, 661, 65843
List the prime factors of 832059230.
2, 5, 83, 1002481
What are the prime factors of 4081303462?
2, 43, 179, 265123
List the prime factors of 27126690.
2, 3, 5, 631, 1433
List the prime factors of 92595875.
5, 47, 15761
What are the prime factors of 1028442827?
263, 3910429
What are the prime factors of 1377264268?
2, 109, 239, 13217
What are the prime factors of 26280042?
2, 3, 577, 7591
List the prime factors of 204914832.
2, 3, 1151, 3709
What are the prime factors of 14405034?
2, 3, 7, 197, 1741
What are the prime factors of 2351942925?
3, 5, 37, 89, 107
List the prime factors of 134596375.
5, 1076771
What are the prime factors of 35716532?
2, 79, 113027
What are the prime factors of 41803064?
2, 5225383
List the prime factors of 154895636.
2, 7, 17, 325411
What are the prime factors of 1638739985?
5, 327747997
What are the prime factors of 252252227?
19, 13276433
What are the prime factors of 73782031?
4787, 15413
What are the prime factors of 1179530358?
2, 3, 6323, 31091
List the prime factors of 70026154.
2, 11, 277, 11491
List the prime factors of 396820955.
5, 23, 997, 3461
What are the prime factors of 14125236?
2, 3, 1177103
What are the prime factors of 149621637?
3, 11, 19, 71, 3361
List the prime factors of 1625481953.
5711, 284623
List the prime factors of 82658819.
82658819
What are the prime factors of 6519391192?
2, 2333, 349303
What are the prime factors of 1312207238?
2, 656103619
List the prime factors of 174796290.
2, 3, 5, 31, 43, 47
What are the prime factors of 1104071154?
2, 3, 17, 107, 101161
What are the prime factors of 671617825?
5, 23, 1168031
List the prime factors of 79986741.
3, 26662247
What are the prime factors of 35868385?
5, 7, 17, 23, 2621
List the prime factors of 215834908.
2, 19, 2839933
What are the prime factors of 426304938?
2, 3, 19, 139, 26903
List the prime factors of 558210670.
2, 5, 89, 367, 1709
List the prime factors of 4158555175.
5, 19, 41, 213533
What are the prime factors of 58372075?
5, 67, 34849
List the prime factors of 79251599.
7, 103, 109919
What are the prime factors of 48671869?
647, 75227
List the prime factors of 935859804.
2, 3, 11, 61, 71, 1637
List the prime factors of 13661206.
2, 13, 525431
List the prime factors of 87986951.
13, 17, 359, 1109
List the prime factors of 559590586.
2, 331, 845303
List the prime factors of 388976169.
3, 53, 241, 10151
What are the prime factors of 9436280?
2, 5, 7, 67, 503
List the prime factors of 26105985.
3, 5, 580133
List the prime factors of 110870259.
3, 79, 677, 691
What are the prime factors of 19355597?
181, 106937
What are the prime factors of 129995288?
2, 16249411
List the prime factors of 2933692096.
2, 45838939
What are the prime factors of 77451454?
2, 31, 1249217
What are the prime factors of 8534550?
2, 3, 5, 56897
List the prime factors of 19125117.
3, 11, 193183
List the prime factors of 4935380142.
2, 3, 7, 11, 10682641
What are the prime factors of 5090338?
2, 11, 231379
List the prime factors of 789376695.
3, 5, 797, 66029
List the prime factors of 15377106.
2, 3, 659, 3889
List the prime factors of 1988540300.
2, 5, 1289, 15427
List the prime factors of 1713364548.
2, 3, 7, 20397197
What are the p